econd derivative of -c**3/3 - 9*c**2/2 + 18*c. Give y(-7).
5
Suppose 1 = -5*w + 3*u - u, 2*w + 7 = 3*u. Let v(b) = 4*b**3 - 2*b**2 + 2*b - 1. Determine v(w).
3
Let c(o) = 5*o**2 + 10 - o**3 - 3*o - 19 + 9. Determine c(4).
4
Let b(r) = -r**3 + 11*r**2 - 9*r - 14. Let c be b(10). Let f(w) = -w**2 - 5*w - 2. Give f(c).
2
Let h be -8*(-1)/(0 + -2). Let u = h - -8. Let w(o) = -11*o**2 + 6*o. Let j(f) = 5*f**2 - 3*f. Let r(n) = -9*j(n) - 4*w(n). Calculate r(u).
-4
Let w(x) be the first derivative of -2*x**3/3 - x**2 - 3*x - 5. What is w(-2)?
-7
Let w be (-6)/(-4)*30/(-9). Let l(y) = -y - 1. Let j(d) = 5*d + 2. Let n(o) = -j(o) - 4*l(o). Determine n(w).
7
Let c(y) = -4*y - 4. Let s = -10 - -3. Let h(l) = 9*l + 7. Let i(g) = s*c(g) - 3*h(g). Let o be 2/((-28)/6 + 4). Give i(o).
4
Let o(j) = j**3 + 2*j**2 + 6. Let h(k) = -k**2 - 6*k - 7. Let p be h(-5). Let v(s) = 3*s**3 + 5*s**2 - s + 19. Let d(n) = p*v(n) + 7*o(n). Calculate d(-3).
7
Let j be (13 + 1)*(-7)/(-14). Let z = j - 2. Let o(n) = 2*n**2 - 8*n + 5. Calculate o(z).
15
Let p(i) be the first derivative of -i**6/360 - i**5/20 - 7*i**4/24 - 4*i**3/3 + 2. Let m(w) be the third derivative of p(w). Calculate m(-5).
-2
Let r(d) = -d - 2. Let a(c) = c**2 - 9*c - 1. Let s be a(9). Let x be r(s). Let n(b) = -6*b - 1. Calculate n(x).
5
Let j = 5 + -3. Let w be -2 + 1 + (-6)/(-2). Let q(t) = 2 - 6*t**j - w. Determine q(-1).
-6
Let m = -1 + 1. Suppose m = -k - 0 + 4. Let r(i) = -i + k*i + 5 - i**2 - 1. Calculate r(3).
4
Suppose 15 = 4*a + m, 1 = 4*a + 4*m - 11. Let q(o) = 4 - a - o + 4. What is q(-3)?
7
Let a(j) = j**2 + 8*j + 9. Let m = -23 + 17. Give a(m).
-3
Let b(o) be the first derivative of -o**4/4 - 7*o**3/3 + o**2/2 + 8*o - 13. Give b(-7).
1
Let q(b) = -4*b - 25. Let a(h) = 3*h + 17. Let g(n) = 7*a(n) + 5*q(n). Let o = -7 + 11. Suppose -o*k = k. Give g(k).
-6
Let j(p) = -p**2 + 6*p + 3. Let g(q) = q**3 + 3*q**2 - 6*q - 3. Let r be g(-4). What is j(r)?
8
Suppose -4*x + 3*x = -4. Suppose 0 = -0*s - x*s. Let h(l) = 2*l + 0 + s. Determine h(-2).
-4
Suppose 0 = -7*s - 0*s. Let r(l) = l**3 - 1. Give r(s).
-1
Let c(i) = 11*i**3 + 7*i**2 + 4*i. Let q(u) = 5*u**3 + 3*u**2 + 2*u. Let x(t) = 4*c(t) - 9*q(t). Give x(2).
-8
Suppose 2*x = 3*a + 4*x + 1, -4*a - x - 3 = 0. Let l(i) = -8*i + 2*i - 4 - 6. Let w(k) = 2*k + 3. Let s(b) = 3*l(b) + 10*w(b). Determine s(a).
-2
Let a = -5 + 9. Suppose -4*i + 3*i + a = 0. Suppose -i = 3*j - 1. Let r(s) = -s**3 - s**2 - s - 1. Calculate r(j).
0
Let p(q) = q**3 - 2*q**2 + 4*q - 4. Let h be p(2). Suppose 2*i + h - 10 = 0. Let l(j) = j - 4. What is l(i)?
-1
Let j(d) = -d**3 + d**2 + d + 2. Let v = 5 + -3. Let z = v + 0. Let l be z*(-2)/(-4)*2. Calculate j(l).
0
Suppose 0 = -3*q + 7*q. Let w(z) = 4 + 0*z**3 + 3*z + 2*z + q*z + z**3 + 4*z**2. Determine w(-3).
-2
Let c(s) = -s**3 + 5*s**2 + 6. Let a(l) = l**3 + 15*l**2 + 13*l - 9. Let x be a(-14). Calculate c(x).
6
Let a(v) = v**3 + 6*v**2 - 2. Let f be (-2)/(4 + 22/(-6)). Calculate a(f).
-2
Let v(j) be the second derivative of 1/3*j**3 + j**2 - 2*j + 1/6*j**4 + 0. Let u be -2*(-3 + (-5 - -9)). Give v(u).
6
Let y(v) = v**3 - 2*v**2 + 4*v - 4. Let g be y(2). Let r(n) = -n**3 + 4*n**2 - n - 3. Calculate r(g).
-7
Suppose 4*f = -3*k + 29, 2*k - 3*f + 0 + 9 = 0. Let i(g) be the first derivative of -1/2*g**2 - 2*g - 4 + 1/3*g**3. Give i(k).
4
Let m(s) = 3*s - 1. Suppose 0 = 4*v - 27 + 3. Let t(b) = -4*b + 2. Let z be (-3)/(-5) + 102/30. Let u(c) = v*m(c) + z*t(c). Give u(2).
6
Suppose x = -x + 2. Let v = x + 2. Let a(t) = -5*t**3 + 5*t**2 + 7*t + 2. Let o(i) = i**3 - i**2 - i. Let p(f) = a(f) + 4*o(f). Give p(v).
-7
Suppose 3*d = -3*h - 3, 0 = -4*d - 6*h + 8*h + 20. Let n(k) = -2*k + 4. Determine n(d).
-2
Let i(y) = -y**2 + 0 + 8*y + 0*y**2 - 6. Let c(l) = l**2 + 6*l. Let u be c(-7). Calculate i(u).
1
Let g(a) = 7*a**2 + 2*a + 1. Let k be g(-1). Suppose k = 3*n - 5*o - 0*o, 0 = -5*n + o + 10. Let h(l) = -6 + 5 + 5 + n*l. Determine h(-4).
-4
Suppose -12*g - 5 = -17*g + 4*f, 0 = 5*f + 25. Let k(x) = x**3 + 3*x**2 - x + 4. What is k(g)?
7
Let n(o) = -o + 11. Let c(p) be the first derivative of -p**2 + 21*p - 4. Let w(q) = 6*c(q) - 11*n(q). Give w(3).
2
Let o(k) = k**3 - 8*k**2 - 8*k - 13. Let q be o(9). Let a = -9 + 13. Let v(u) = -1 + u**2 + a*u - 1 + 2. Calculate v(q).
0
Let k be 0 + 4 - (0 + 2). Let h be (2/6)/(k/12). Let m(j) = 2*j + 0*j**h - 2*j - 5*j + j**2. Calculate m(4).
-4
Suppose 7 = q - 5*j, -q + 2*j = -3*q + 2. Suppose 7*u - 2*u - q*a = 32, -5*a - 11 = -u. Let v(o) = 6*o**2 + o + u - 6. Determine v(-1).
5
Let o(r) = 2*r**2 + 8*r + 4. Let g(v) = 4*v**2 + 15*v + 7. Let d(t) = -3*g(t) + 5*o(t). Give d(-4).
-13
Let j(k) = -4 - k + 5 + 1. Suppose -3 = -5*u + 2. Let p = -1 - u. Give j(p).
4
Let c(f) be the first derivative of -4 + 0*f - 1/2*f**2. Calculate c(3).
-3
Suppose -z + 3*z = 26. Suppose -r - 5 + 4 = -a, r + 3*a = -z. Let c(u) = u + 3 + 3 - 5. Give c(r).
-3
Let m(a) = -3*a + 2*a + 4*a - a + 4. Calculate m(-6).
-8
Let x(q) be the third derivative of -q**8/6720 - q**7/360 - 7*q**6/720 - q**5/120 - q**4/6 + 4*q**2. Let c(k) be the second derivative of x(k). Determine c(-6).
5
Let y(h) = -h**2 + 2*h + 5. Let k(u) = u**2 - 6*u - 3. Let t = 2 - -5. Let c be k(t). What is y(c)?
-3
Let m(n) = 8*n - 22*n + 5*n - 7 + 11*n. Determine m(6).
5
Let u(d) = d**2 + 7*d + 7. Let f be 5*((-2)/(-6))/((-1)/3). Calculate u(f).
-3
Let d(f) be the first derivative of f**3/3 + 3*f**2/2 + 3*f + 7. What is d(-4)?
7
Suppose -2*y = v + 4, -3*v + 4*v - 8 = 2*y. Let z be 4*3/(-18)*(-2 + -1). Let m(a) = a - z*a - 3 + v*a. Give m(2).
-1
Let u(s) = -s**2 + 4*s + 10. Let p(q) = -3*q**2 + 12*q + 29. Let i(r) = 6*p(r) - 17*u(r). What is i(6)?
-8
Let y(c) = -3*c**3. Let p be y(-1). Suppose 4*s + 3 = z - s, -s = p*z + 7. Let b(x) = -x**2 - x + 2. What is b(z)?
0
Suppose 0*n - 2*n + 110 = 0. Suppose -3*u + i = -4*i - n, -5 = 2*u + 5*i. Let a be (18/u)/(6/20). Let j(k) = k**2 - 6*k + 5. Determine j(a).
5
Let o(l) = -l + 1. Let m(h) = -2*h + 3. Suppose 0 = -2*f - 1 + 7. Let g(r) = f*o(r) - m(r). Suppose 2*n = 2*t - 14, -t = -0*n - 2*n - 12. Give g(n).
5
Let r(d) be the second derivative of -d**4/12 + 4*d**3/3 - 9*d**2/2 + 3*d. Calculate r(6).
3
Let s(h) = h + 7 + h**3 - 5*h**2 - 2*h**3 - 5*h**2. Give s(-10).
-3
Let o(i) = -2*i - 5. Let y = -34 + 40. What is o(y)?
-17
Let c(d) = -11*d**3 - 2*d**2 + 2*d - 1. Let v = 0 + -3. Let n be (-4)/6*(-9)/v. Let h be (-12)/(-8) - (-1)/n. What is c(h)?
-12
Suppose -2*a + 2 + 1 = -5*c, 4*a - 14 = 2*c. Let n(v) = c + 4*v - v + 5. Determine n(-5).
-9
Let c(j) = -4*j + 10*j + 2*j**2 - 3 - 7*j - j**2. Determine c(-3).
9
Let c(t) = 13*t**2 + 6*t + 1. Let g(n) = 25*n**2 + 11*n + 2. Let j = 28 + -22. Let h(y) = j*g(y) - 11*c(y). Determine h(1).
8
Suppose -3*k = -5*k + 20. Let u(y) = 12 + k + y**2 - 16 - 5*y. What is u(4)?
2
Let a(p) = 2*p. Let d = -1 - 0. Let y be 0/(d + (1 - 2)). Let k be 2 + (y - (1 + 0)). Give a(k).
2
Let r(m) be the first derivative of m**3/3 - 2*m**2 + 2*m - 5. Calculate r(2).
-2
Let s(b) = -2*b - 5. Let a(l) = -l - 14. Let t be a(-8). Calculate s(t).
7
Let h(r) = -r**3 - 3*r**2 - 4. Let t(p) = p**3 - 4*p**2 - 9*p + 16. Let k be t(5). Give h(k).
12
Let h(j) be the first derivative of -j**2/2 - 12*j - 10. Let g = -16 + 11. Calculate h(g).
-7
Let z(u) = u + 1. Let t(w) = -8*w - 9. Let h(f) = -t(f) - 6*z(f). Give h(-9).
-15
Let i = -12 + 20. Let j(n) = i*n - 4*n - 3*n + 4. Give j(-4).
0
Let o = 203 + -202. Let p(a) be the third derivative of a**6/15 - a**4/12 + a**3/6 - a**2. Calculate p(o).
7
Suppose 2*h = 6*h + 4. Let v(o) be the first derivative of 5*o**2 + o - 37. Determine v(h).
-9
Let b(w) be the first derivative of w**4/4 + w**3 - w**2 + 2*w + 1. Calculate b(-3).
8
Let x(b) = 0*b**2 + 9*b**2 - 2*b**2 - 9*b**2. Give x(1).
-2
Let g(x) = x**2 - 4. Let l be g(3). Let y(m) = m**2 - 4*m - 1. Determine y(l).
4
Let q(g) = -3*g**2 + 4*g - 4. Let o(z) = 35*z**2 - 49*z + 49. Let a(k) = 4*o(k) + 49*q(k). What is a(1)?
-7
Let y(g) = -g**3 + 3 + 6 + g + 10 - 12. Calculate y(0).
7
Let t(i) = -2*i - 3. Let n = -8 - -12. What is t(n)?
-11
Let f be (-6 - -5)*(-1 + -2). Suppose 0 = -9*c + 6*c + f. Let x(r) = 2*r - 1. Calculate x(c).
1
Let n(x) = 4*x**2 + x - 2. Let z be n(1). Let i be (-24)/10 + z/(-5). Let w(a) = -a - 3. Giv